1. Calculate u(-101).
-188
Let y(t) = 4797*t + 426562. Calculate y(-89).
-371
Let u(z) = -z**2 - 648*z - 11423. What is u(-18)?
-83
Let f(a) = 3375*a**2 + 415127*a + 263. Give f(-123).
17
Let x(l) = 2*l**2 - 146*l + 1259. What is x(9)?
107
Let l(v) = -262*v**2 - 3*v + 21. Calculate l(-1).
-238
Let j(s) = 2693*s - 31725. Determine j(11).
-2102
Let h(b) = -136925*b - 136552. What is h(-1)?
373
Let f(l) = 296*l**3 + 127*l**2 + 125*l - 2. Determine f(-1).
-296
Let r(u) = 9*u**2 + 429*u - 592. Determine r(-49).
-4
Let i(m) = -259*m - 6636. What is i(-26)?
98
Let n(h) = -2*h**3 - 443*h**2 - 4424*h + 1446. Calculate n(-211).
-31
Let y(u) = -u**3 - 281*u**2 + 1497*u + 18838. Determine y(-286).
-324
Let n(t) = 2*t**2 + 1308*t + 3838. Determine n(-651).
-68
Let t(k) = -k**2 + 8038*k - 2989978. Determine t(391).
-1
Let a(y) = -4*y**2 + 2224*y - 69044. What is a(523)?
-8
Let a(u) = 7*u**3 + 34*u**2 - 19*u - 16. What is a(-5)?
54
Let a(g) = 24753*g + 495065. What is a(-20)?
5
Let p(o) = 27*o**3 - 3*o**2 + 5*o + 44. Calculate p(-3).
-727
Let t(d) = 1302*d**2 - 2*d + 6184. What is t(0)?
6184
Let b(g) = -g**2 - 866*g - 183164. Determine b(-499).
-31
Let z(l) = l**3 + 166*l**2 + 825*l - 7. Determine z(-5).
-107
Let f(t) = -897698*t + 4488486. Give f(5).
-4
Let x(l) = -l**2 - 129124*l - 1032947. What is x(-8)?
-19
Let w(y) = -y**2 + 91437*y + 914440. Calculate w(-10).
-30
Let s(r) = -12128*r - 220489. Determine s(-18).
-2185
Let z(s) = 1211*s - 565581. Give z(467).
-44
Let k(t) = -2378*t + 230653. Determine k(97).
-13
Let z(k) = 35*k**2 + 243*k + 380. Determine z(-9).
1028
Let b(c) = -12*c**3 - 81*c**2 - 130*c - 726. Determine b(-6).
-270
Let u(g) = -g**2 - 155*g + 7261. What is u(-192)?
157
Let l(c) = 1491*c - 25720. Determine l(17).
-373
Let a(s) = s**3 + 80*s**2 + 419*s + 3355. Determine a(-75).
55
Let j(g) = -g**3 - 26*g**2 + 1981*g + 48691. Give j(-24).
-5
Let f(u) = -12*u**2 + 75*u - 444. Calculate f(9).
-741
Let a(i) = i**2 - 8*i - 68. Determine a(13).
-3
Let x(h) = 3*h**2 - 165*h - 214. Give x(55).
-214
Let t(i) = -i**3 + 341*i**2 - 984*i - 10158. Give t(338).
-18
Let y(x) = x**3 + 23*x**2 + 108*x + 224. Determine y(-19).
-384
Let g(c) = 236300*c + 472627. Determine g(-2).
27
Let h(x) = 111*x**2 + 49*x + 23. Determine h(-3).
875
Let q(m) = -m**3 + 211*m**2 - 50*m + 6115. Calculate q(211).
-4435
Let w(h) = -h**3 - 27*h**2 + 106*h + 1838. Give w(-27).
-1024
Let d(i) = -i**3 + 170*i**2 - 508*i + 1153. Calculate d(167).
-16
Let q(v) = v**2 + 186*v - 19205. Determine q(74).
35
Let u(z) = -z**3 - 146*z**2 - 4098*z + 230. Give u(-38).
2
Let u(p) = 142*p**2 - 829*p - 35. Give u(6).
103
Let l(z) = -4*z**2 - 2642*z + 3. Give l(0).
3
Let v(m) = m**2 - 19555*m - 2321442. Calculate v(-118).
-28
Let d(v) = -8*v**2 - 1950*v - 5933. Determine d(-3).
-155
Let d(c) = 8*c**2 - 95*c + 650. What is d(8)?
402
Let p(w) = 20944*w + 314165. Calculate p(-15).
5
Let s(w) = 13642*w - 1268696. What is s(93)?
10
Let s(f) = f**2 - 209*f + 1644. Calculate s(8).
36
Let s(m) = 25*m + 903. What is s(2)?
953
Let w(k) = 2757*k - 31295. Calculate w(13).
4546
Let m(q) = -6413*q + 70505. Calculate m(11).
-38
Let t(b) = 2*b**3 - 46*b**2 + 175*b + 148. What is t(6)?
-26
Let l(q) = -q**3 + 996*q**2 - 115*q + 1108664. What is l(997)?
0
Let q(s) = 1833*s + 1559924. Calculate q(-851).
41
Let y(c) = -191*c**2 - 530*c + 83. What is y(-2)?
379
Let n(o) = -o**3 - 362*o**2 - 2186*o - 246. Give n(-6).
54
Let u(j) = -3*j**3 - 95*j**2 + 11225*j + 214. Calculate u(-79).
-339
Let k(a) = -a**3 + 12*a**2 - 127*a + 1531. Give k(11).
255
Let v(y) = 101*y**3 - 13*y**2 + 2*y + 39. Give v(2).
799
Let p(q) = -182*q + 19979. Calculate p(110).
-41
Let w(g) = 1066*g - 5029. Determine w(4).
-765
Let c(w) = 174*w**3 + 379*w**2 - 547*w - 2. Give c(1).
4
Let h(a) = -37*a**2 + 1216*a - 2285. Determine h(2).
-1
Let m(l) = l**3 + 45*l**2 + 126*l + 10341. Calculate m(-47).
1
Let z(c) = -6*c**2 - 97506*c + 487683. Give z(5).
3
Let f(u) = -u**2 + 2095*u - 114037. Determine f(56).
147
Let o(j) = 28*j**2 - 34*j - 12. Calculate o(-3).
342
Let q(a) = 4*a**3 + 379*a**2 + 1013*a - 139. Determine q(-92).
-231
Let c(o) = -o**3 + 5*o**2 + 517*o - 413. Determine c(25).
12
Let c(p) = -825*p + 19890. Determine c(24).
90
Let o(y) = 2*y**2 - 332*y + 10918. What is o(121)?
28
Let s(z) = z**3 + 53*z**2 + 176*z + 1232. Determine s(-50).
-68
Let d(h) = h**2 - 1033*h + 125723. Give d(140).
703
Let m(o) = 6*o**2 - 91*o - 147. Determine m(19).
290
Let n(z) = 337*z + 570. Calculate n(-2).
-104
Let s(x) = -1301*x**2 - 1898152*x + 10212. What is s(-1459)?
-1
Let r(w) = -25*w**2 + 5759*w - 7782. Calculate r(229).
4
Let g(j) = -23316*j - 2704653. Give g(-116).
3
Let v(g) = -12*g**2 - 202*g - 150. What is v(-17)?
-184
Let w(b) = -b**2 + 12*b + 4504. Give w(69).
571
Let s(c) = -434*c + 69326. Calculate s(160).
-114
Let k(c) = 59*c + 1537. Calculate k(-16).
593
Let w(f) = f**3 - 14*f**2 - 5*f - 444. Calculate w(19).
1266
Let i(j) = 15*j**2 + 683*j - 38. What is i(-49)?
2510
Let m(i) = 1129*i**2 + 441439*i + 47. Calculate m(-391).
47
Let a(b) = 3*b**3 + 16*b**2 + 109*b - 28. Give a(-6).
-754
Let l(h) = -919*h - 17530. Determine l(-19).
-69
Let a(d) = d**3 - 98*d**2 - 58608*d. Determine a(-198).
0
Let d(a) = -18*a**3 + 145*a**2 - 28*a + 27. Determine d(9).
-1602
Let d(s) = 73*s - 7185. Give d(72).
-1929
Let i(d) = 31*d + 2464. Calculate i(-79).
15
Let i(k) = 5*k**2 - 4784*k - 67646. What is i(-14)?
310
Let b(d) = 12*d**3 - 7*d**2 - 4*d + 18. Give b(-4).
-846
Let s(x) = 12*x**2 + 12186*x + 156388. Give s(-13).
-2
Let y(s) = s**3 - 144*s**2 + 822*s - 97057. What is y(143)?
40
Let i(d) = -d**3 + 170*d**2 + 24716*d + 23902. Determine i(-93).
1
Let y(c) = c**3 - 172*c**2 - 138*c - 4744. Give y(173).
1311
Let v(t) = 11891*t - 261733. Determine v(22).
-131
Let s(z) = -26*z**2 + 3831*z + 39408. Determine s(157).
1
Let n(a) = 2150*a + 19830. What is n(-9)?
480
Let v(s) = 58191*s - 1047564. Give v(18).
-126
Let j(g) = g**2 + 82*g + 1268. Calculate j(-60).
-52
Let p(k) = 2*k**3 + 117*k**2 - 1276*k + 1081. What is p(-68)?
-7
Let j(f) = -145*f + 4034. Give j(30).
-316
Let f(d) = 463*d**2 - 97*d - 23. What is f(2)?
1635
Let o(k) = -k**2 + 49*k + 9110. Give o(123).
8
Let g(a) = 1306*a - 488. Determine g(4).
4736
Let i(c) = -714*c - 354128. Determine i(-496).
16
Let j(g) = -572257*g + 2289001. Determine j(4).
-27
Let z(b) = b**3 + 14*b**2 + 61*b + 123. Determine z(-9).
-21
Let y(x) = -27045*x - 8. What is y(0)?
-8
Let t(i) = -16*i**2 - 1224*i + 489. What is t(-77)?
-127
Let v(s) = 612*s - 139777. What is v(228)?
-241
Let t(j) = -54661*j - 655952. Determine t(-12).
-20
Let f(m) = m**3 + 1732*m**2 - 90917*m - 808. Give f(51).
8
Let b(o) = o**2 - 141156*o + 1129193. What is b(8)?
9
Let o(v) = -6*v**3 + 18*v**2 + 164*v - 19. Determine o(7).
-47
Let b(x) = -66*x**2 - 502*x + 5404. What is b(6)?
16
Let w(p) = -725*p + 37684. Give w(52).
-16
Let w(y) = -6104*y + 24848. What is w(4)?
432
Let o(i) = -4356*i + 662116. Give o(152).
4
Let g(p) = -301*p + 8673. Give g(28).
245
Let z(j) = -j**2 + 34*j + 7657. Calculate z(-72).
25
Let y(t) = 371*t - 68420. Give y(186).
586
Let q(h) = 5*h**3 + 214*h**2 + 2246*h + 243. What is q(-18)?
-9
Let w(l) = 24*l**2 - 1263*l - 9033. Calculate w(59).
-6
Let p(k) = -1135*k**3 + 6*k**2 - 7*k + 2. What is p(1)?
-1134
Let b(g) = 7*g**2 - 327*g - 69485. Give b(-79).
35
Let l(a) = -9*a**2 + 418*a - 3289. Determine l(10).
-9
Let z(x) = -x**3 - 153*x**2 + 16501*x + 718. Give z(-226).
40
Let v(r) = 5001*r + 460100. Give v(-92).
8
Let y(q) = -118*q**2 - 31*q + 19. What is y(2)?
-515
Let q(o) = 44725*o - 1475928. Calculate q(33).
-3
Let i(y) = 9245*y + 184836. What is i(-20)?
-64
Let s(c) = 3*c**2 + 2358*c - 70888. Determine s(29).
17
Let u(y) = -3*y**3 - 7*y**2 - 26*y + 138. Determine u(3).
-84
Let t(q) = 695022*q - 6950257. What is t(10)?
-37
Let s(u) = -9494*u + 5345127. Determine s(563).
5
Let p(g) = -1089*g**2 + 12*g + 1. Give p(1).
-1076
Let o(j) = j**3 - 38*j**2 - 733*j + 254. What is o(52)?
-6
Let k(w) = -3*w**2 + 173*w + 263. Calculate k(61).
-347
Let p(z) = z**2 + 29*z + 34. Calculate p(12).
526
Let c(t) = 4*t**2 - 377*t - 8216. What is c(-18)?
-134
Let t(n) = 58*n**2 + 1169*n + 3565. What is t(-3)?
580
Let m(t) = -2*t**2 + 127*t + 22521. Determine